Let l(u) = 26*u + 19. Let q(r) = 11*h(r) + 2*l(r). Let f be q(-3). Suppose f*g + 47 = 368. What are the prime factors of g?
107
Suppose a + 3*d = -39 + 315, 0 = 3*a + 4*d - 853. Suppose 9*j = 2103 + a. List the prime factors of j.
2, 7, 19
Let y = 1834 + 1137. List the prime factors of y.
2971
Let j = 1734 - -13143. List the prime factors of j.
3, 19, 29
Suppose -3*x = 991 - 7660. Let t = x - 1462. What are the prime factors of t?
761
Suppose -2*n + 1519 + 1952 = -3*b, -2 = -2*b. Suppose 0 = 89*w - 98*w + n. List the prime factors of w.
193
List the prime factors of 3/((-90)/(-465762)) - 108/(-180).
2, 7, 1109
Let q(c) = -1478*c + 5307. What are the prime factors of q(-15)?
3, 43, 71
Suppose 29*w - 7*w - 54612 = -19*w. What are the prime factors of w?
2, 3, 37
Let u(t) = -t**3 + 27*t**2 - 45*t + 51. List the prime factors of u(12).
3, 557
Let h = 26173 + -20517. What are the prime factors of h?
2, 7, 101
Let m = -25897 - -46983. What are the prime factors of m?
2, 13, 811
Let n(c) = -10661*c - 945. List the prime factors of n(-2).
7, 41, 71
What are the prime factors of 75/50 + (-51605)/((-3)/3*2)?
2, 6451
Suppose 2*j = 4*v + 84008, 35*v - 40*v = -30. What are the prime factors of j?
2, 13, 101
Let x(v) = -v**3 + 2*v**2 + v. Let l be x(2). Suppose 6*b - 16 = l*b. Suppose -2*a - 348 = -b*n, 2*a = -2*n - 0*n + 162. List the prime factors of n.
5, 17
Let x(q) = -q**2 - 6*q - 33. Let h be x(0). Let o(t) = -t**2 - 52*t - 122. List the prime factors of o(h).
5, 101
List the prime factors of ((-5966)/(-57) - (-1)/3)/(3/154).
2, 5, 7, 11
Suppose 25*b + 7969 + 3806 = 0. Let d = 927 + b. List the prime factors of d.
2, 3, 19
Suppose -28*v + 1184193 = 2*v - 254187. What are the prime factors of v?
2, 3, 61, 131
List the prime factors of 21/(-147) + 739824/56.
11, 1201
Let g(a) = 3*a**3 + 165*a**2 + 313*a + 51. List the prime factors of g(-51).
2, 3, 5, 17
Let k = -557 - -562. Suppose -r + 1983 = k*f, 0 = -f - 2*r + 78 + 324. What are the prime factors of f?
2, 3, 11
Let b be (2/4)/((-8)/(-48)). Let u be 0 + 1 + (3 - -6)/b. Suppose -i = -u*i + 717. What are the prime factors of i?
239
Suppose 2*x + 3*b = 17070 + 5780, 5*x - 2*b = 57049. What are the prime factors of x?
101, 113
Let i = 18539 + 48419. List the prime factors of i.
2, 33479
Let l = 1974 + -1971. Let j(f) = -f - 1. Let c(r) = 12*r + 36. Let k(b) = -c(b) - 36*j(b). What are the prime factors of k(l)?
2, 3
Let l be (-46)/253 + 3854/22. Let v = 319 - l. What are the prime factors of v?
2, 3
Let y be (56/10 + -5)/((-2)/(-20)). Let q(t) = -y*t - 161*t**2 + 2 + 13 + t**3 + 150*t**2. What are the prime factors of q(12)?
3, 29
Suppose -3*i = r - 10116, r + i = 2075 + 8051. What are the prime factors of r?
3, 11, 307
Let n(f) = 87*f + 3694. What are the prime factors of n(26)?
2, 1489
Let h be (-180)/8*(-444)/15. Let t = 1112 - h. What are the prime factors of t?
2, 223
Let a(z) = -3*z**3 + 8*z**2 + 3*z - 21. List the prime factors of a(-10).
23, 163
Suppose -214 + 196 = -3*h. Suppose h*q - 474 = 1626. What are the prime factors of q?
2, 5, 7
Suppose 0 = 3*n - 10*y + 5*y + 455, 5*y + 165 = -n. Let l = 7 + n. List the prime factors of 4*(-18)/24 - (l + -1).
2, 73
Let n(q) = -2*q**3 + 6*q**2 - 35*q - 180. What are the prime factors of n(-15)?
3, 5, 563
List the prime factors of (160580/(-21) + 3)/((-2 + -1)/9).
23, 997
Let z = 78 - -54. Suppose 56*l = 55*l + z. List the prime factors of l.
2, 3, 11
Suppose -24*c + 6201240 = 96*c. What are the prime factors of c?
31, 1667
Suppose -r = 2*l - 81, 4*l = 4*r + r + 127. Suppose 3 - l = -5*h. Suppose -323 - h = -6*d. List the prime factors of d.
5, 11
Let x = 99501 + -57731. What are the prime factors of x?
2, 5, 4177
Suppose -44*p + 46*p - 15966 = 0. List the prime factors of p.
3, 887
Let c(g) = -4*g + 87. Let u be c(-15). Let y = 749 - u. List the prime factors of y.
2, 7, 43
Let f(i) = i**2 - 3*i + 1309. Let p be f(0). Let m = 1913 - p. List the prime factors of m.
2, 151
Suppose 0 = 4*j - 3*y + 933, 114 + 123 = -j + 2*y. Let d = -281 - -132. Let r = d - j. What are the prime factors of r?
2, 41
Suppose 2*z - 3*z + 2*h = 4, -6 = 5*z + 4*h. What are the prime factors of 385 - 20 - z*1?
367
Let a be (9 + 42/(-4))/(1/(-4)). Suppose 1871 = -a*l + 5693. List the prime factors of l.
7, 13
Let v = 20271 - -795. List the prime factors of v.
2, 3, 3511
Suppose h - 2598 = -5*g, 133*g = -3*h + 128*g + 7864. What are the prime factors of h?
2633
Suppose -3540 = -25*x + 19535. Let w = 2517 - x. What are the prime factors of w?
2, 797
Suppose 4*v + 18 = -2, -4*k + v + 2809 = 0. Let s = 989 - k. What are the prime factors of s?
2, 3
Let y = 273 - 156. Let h = 239 + y. List the prime factors of h.
2, 89
Let m = 2234 - 929. List the prime factors of m.
3, 5, 29
Let i = 545 + -545. Suppose -l = 1, -5*r = -i*l - 3*l - 5943. What are the prime factors of r?
2, 3, 11
Suppose 77*i - 189829 = 112843 + 15030. List the prime factors of i.
2, 2063
Suppose 6229 + 1486 = 5*x - 4*a, -2*x + 3086 = 5*a. What are the prime factors of x?
1543
Suppose j + 1007 = 3*j - 3*r, -5*j + 2520 = -5*r. Suppose 0*t - 2*w = 3*t - 995, 5*t = 4*w + 1673. Let a = j - t. What are the prime factors of a?
2, 43
Let p be (492/20)/(-1)*5. Let b = 203 + p. What are the prime factors of b?
2, 5
Suppose 5*t - o = -24, -5*t = -2*o + 43 - 15. What are the prime factors of 2/t + ((-12390)/(-12))/7?
3, 7
Let z = 161140 - 87352. What are the prime factors of z?
2, 3, 11, 13, 43
Suppose 1917936 = 105*y + 83*y + 40*y. List the prime factors of y.
2, 3, 701
Let w(r) = 164*r + 4677. What are the prime factors of w(0)?
3, 1559
List the prime factors of (54490/6)/(935/1122).
2, 5449
Let d be ((-8)/14)/(10/(-175)). Let y(j) = 2*j**2 + 3*j - 8. List the prime factors of y(d).
2, 3, 37
Suppose -8*d + 67 = -m - 6*d, 321 = -5*m + 3*d. What are the prime factors of 2*((-21)/m + (-805)/(-6))?
269
Let j(q) = q**3 - 15*q**2 - 34*q + 37. Suppose 10*d - 16*d + 102 = 0. List the prime factors of j(d).
37
Let d be (84*38)/3 - -4. Suppose 35*s - 31*s + d = 0. Let j = -142 - s. List the prime factors of j.
5
Let f = -793 + 1119. Suppose c - f = -z, -2*c + 301 + 347 = 3*z. What are the prime factors of c?
2, 3, 5, 11
Suppose -5*k + 53 + 2 = 0. Suppose k*o + 3*o = 2604. List the prime factors of o.
2, 3, 31
Suppose 0 = -3*g + 10*g - 28. Suppose 3*d = -2*b + 768, -2*d + g*b + 155 + 357 = 0. Suppose 10*v + d = 14*v. List the prime factors of v.
2
Let g(p) = 43*p**2 + 7*p - 12. Let a be (-8)/6*(-18)/12. What are the prime factors of g(a)?
2, 3, 29
Let l(i) = i**3 + 70*i**2 + 24*i + 144. What are the prime factors of l(-34)?
2, 3, 853
Let c(r) = -64*r + 14 - 4 + 68*r + 30*r**2. List the prime factors of c(-3).
2, 67
Let m(o) = o**3 + 14*o**2 + 13*o + 19. Let y be m(-13). Let j(k) be the first derivative of -k**3/3 + 10*k**2 + 11*k + 15. List the prime factors of j(y).
2, 3, 5
Let p(i) be the third derivative of 17*i**7/2520 - i**5/40 - 13*i**4/24 + 2*i**2. Let n(l) be the second derivative of p(l). List the prime factors of n(-3).
2, 3, 5
Let k(j) = -j**3 + 19*j**2 - 27*j + 27. Let l be k(17). Let c = 152 - l. Suppose -2530 = -4*s - c*s. List the prime factors of s.
11, 23
Suppose m - 1485 = -4*d, -5*m - 426*d + 429*d = -7563. What are the prime factors of m?
3, 503
Let c(b) = b**2 - 3*b - 4. Let h be c(6). Let s be h/6 - 30/(-45). List the prime factors of 106 - 4/(-6)*s.
2, 3
Let s(b) = -57*b + 45. Let y be (-7 + 4 + 15/2)*-2. List the prime factors of s(y).
2, 3, 31
Let v(w) = w**2 - 15*w - 12. Let i be v(16). Suppose -u - k + 236 = -i*k, 260 = u + 3*k. What are the prime factors of u?
2, 31
Suppose 11*u + 2*q = 9*u + 976, 0 = -2*u + q + 982. List the prime factors of u.
2, 5, 7
Suppose -3*k + 1298 = -4*a, 7*k + 4*a + 864 = 9*k. Let x = 436 - k. What are the prime factors of x?
2
Suppose 4*g - 15206 - 406 = -2*g. List the prime factors of g.
2, 1301
Suppose 12*l = -11*l + 75934 + 14502. List the prime factors of l.
2, 983
Suppose 5*a - q = 187532, -4*a + 150034 = -176*q + 171*q. List the prime factors of a.
2, 3, 7, 19, 47
Let w(d) = d**2 + 4*d - 9. Let n be w(7). Suppose -5*j = n - 93. Suppose -39 + 519 = j*y. List the prime factors of y.
2, 3
Let r(n) = -5*n**2 + 11*n**2 + n + 79 - 3*n**2 - 2*n**2. Let f be r(0). Suppose -2*m - f = -